{"id":1008,"date":"2022-04-06T16:21:50","date_gmt":"2022-04-06T14:21:50","guid":{"rendered":"https:\/\/www.padelreference.com\/blog\/?page_id=1008"},"modified":"2022-04-07T09:45:00","modified_gmt":"2022-04-07T07:45:00","slug":"club-de-lhers-toulouse","status":"publish","type":"page","link":"https:\/\/www.padelreference.com\/blog\/club-padel\/club-de-lhers-toulouse\/","title":{"rendered":"Club de l\u2019Hers &#8211; Toulouse"},"content":{"rendered":"<p>[vc_row][vc_column][vc_column_text]<span style=\"font-weight: 400;\">Le Club de l\u2019Hers est \u00e9galement un complexe sportif ouvert \u00e0 plusieurs types d\u2019activit\u00e9s. Se trouvant \u00e0 une dizaine de kilom\u00e8tres \u00e0 l\u2019est de Toulouse, \u00e0 Saint-Orens-de-Gameville, avenue de la Marqueille plus pr\u00e9cis\u00e9ment.<\/span>[\/vc_column_text][\/vc_column][\/vc_row][vc_row][vc_column width=\u00a0\u00bb1\/2&Prime;][vc_single_image image=\u00a0\u00bb1011&Prime; img_size=\u00a0\u00bbfull\u00a0\u00bb][vc_column_text]Adresse : <span style=\"font-weight: 400;\"><a href=\"https:\/\/www.google.com\/maps\/place\/Club+de+l'Hers\/@43.561911,1.5271216,15z\/data=!4m2!3m1!1s0x0:0x16cfe2fb571c408b?sa=X&amp;ved=2ahUKEwiw99LA0P_2AhXMxYUKHe6zDkYQ_BJ6BAhQEAU\">23 Avenue de la Marqueille<\/a>, 31650 Saint-Orens-de-Gameville<\/span><\/p>\n<p><a href=\"http:\/\/iframe%20src=https:\/\/www.google.com\/maps\/embed?pb=!1m14!1m8!1m3!1d11564.570521620864!2d1.5271216!3d43.561911!3m2!1i1024!2i768!4f13.1!3m3!1m2!1s0x0%3A0x16cfe2fb571c408b!2sClub%20de%20l'Hers!5e0!3m2!1sfr!2sfr!4v1649254709135!5m2!1sfr!2sfr%20width=600%20height=450%20style=border:0;%20allowfullscreen=%20loading=lazy%20referrerpolicy=no-referrer-when-downgrade\/iframe\"><iframe style=\"border: 0;\" src=\"https:\/\/www.google.com\/maps\/embed?pb=!1m14!1m8!1m3!1d11564.570521620864!2d1.5271216!3d43.561911!3m2!1i1024!2i768!4f13.1!3m3!1m2!1s0x0%3A0x16cfe2fb571c408b!2sClub%20de%20l'Hers!5e0!3m2!1sfr!2sfr!4v1649254709135!5m2!1sfr!2sfr\" width=\"600\" height=\"450\" allowfullscreen=\"allowfullscreen\"><\/iframe><\/a>[\/vc_column_text][\/vc_column][vc_column width=\u00a0\u00bb1\/2&Prime;][vc_column_text]<span style=\"font-weight: 400;\">Le <a href=\"https:\/\/www.padelreference.com\/blog\/club-padel\/\">club de padel<\/a> \u00e0 Toulouse vous propose diverses installations sportives<\/span><\/p>\n<p><span style=\"font-weight: 400;\">&#8211;\u00a0 \u00a0 <\/span> <span style=\"font-weight: 400;\">4 terrains de padel couverts<\/span><\/p>\n<p><span style=\"font-weight: 400;\">&#8211;\u00a0 \u00a0 <\/span> <span style=\"font-weight: 400;\">3 courts de tennis en terre battue<\/span><\/p>\n<p><span style=\"font-weight: 400;\">&#8211;\u00a0 \u00a0 <\/span> <span style=\"font-weight: 400;\">4 courts de mini-tennis<\/span><\/p>\n<p><span style=\"font-weight: 400;\">&#8211;\u00a0 \u00a0 <\/span> <span style=\"font-weight: 400;\">6 courts de badminton<\/span><\/p>\n<p><span style=\"font-weight: 400;\">&#8211;\u00a0 \u00a0 <\/span> <span style=\"font-weight: 400;\">1 terrain de football en salle.<\/span><\/p>\n<p><span style=\"font-weight: 400;\">Vous pouvez \u00e0 tout moment r\u00e9server un court \u00e0 travers la rubrique \u00ab padel \u00bb \u00e0 Toulouse via la r\u00e9servation en ligne sur le site internet du club de padel ou vous rendre directement sur place.<\/span><\/p>\n<p><span style=\"font-weight: 400;\">L\u2019\u00e9tablissement vous propose les meilleurs formateurs certifi\u00e9s et met \u00e0 votre service des raquettes de padel si vous ne disposez pas encore d\u2019\u00e9quipements.<\/span><\/p>\n<p>[\/vc_column_text][\/vc_column][\/vc_row][vc_row][vc_column][vc_column_text]<\/p>\n<h2>Les autres Club de Padel en France :<\/h2>\n<ul>\n<li><a href=\"https:\/\/www.padelreference.com\/blog\/club-padel\/stade-toulousain-tennis-club-toulouse\/\">Stade Toulousain<\/a><\/li>\n<li><a href=\"https:\/\/www.padelreference.com\/blog\/club-padel\/padel-plus-toulouse\/\">Padel Plus<\/a><\/li>\n<li><a href=\"https:\/\/www.padelreference.com\/blog\/club-padel\/padel-tolosa-toulouse\/\">Tolosa<\/a><\/li>\n<li><a href=\"https:\/\/www.padelreference.com\/blog\/club-padel\/4-padel-toulouse\/\">4Padel<\/a><\/li>\n<li>etc&#8230;.<\/li>\n<\/ul>\n<p>[\/vc_column_text][\/vc_column][\/vc_row]<\/p>\n","protected":false},"excerpt":{"rendered":"<p>[vc_row][vc_column][vc_column_text]Le Club de l\u2019Hers est \u00e9galement un complexe sportif ouvert \u00e0 plusieurs types d\u2019activit\u00e9s. Se trouvant \u00e0 une dizaine de kilom\u00e8tres \u00e0 l\u2019est de Toulouse, \u00e0 Saint-Orens-de-Gameville, avenue de la Marqueille plus pr\u00e9cis\u00e9ment.[\/vc_column_text][\/vc_column][\/vc_row][vc_row][vc_column width=\u00a0\u00bb1\/2&Prime;][vc_single_image image=\u00a0\u00bb1011&Prime; img_size=\u00a0\u00bbfull\u00a0\u00bb][vc_column_text]Adresse : 23 Avenue de la Marqueille, 31650 Saint-Orens-de-Gameville [\/vc_column_text][\/vc_column][vc_column width=\u00a0\u00bb1\/2&Prime;][vc_column_text]Le club de padel \u00e0 Toulouse vous propose diverses installations [&hellip;]<\/p>\n","protected":false},"author":2,"featured_media":0,"parent":722,"menu_order":0,"comment_status":"closed","ping_status":"closed","template":"","meta":{"footnotes":""},"class_list":["post-1008","page","type-page","status-publish","hentry"],"yoast_head":"<!-- This site is optimized with the Yoast SEO plugin v23.1 - https:\/\/yoast.com\/wordpress\/plugins\/seo\/ -->\n<title>Les Clubs de Padel en France : la liste compl\u00e8te - Padel Reference<\/title>\n<meta name=\"robots\" content=\"index, follow, max-snippet:-1, max-image-preview:large, max-video-preview:-1\" \/>\n<link rel=\"canonical\" href=\"https:\/\/www.padelreference.com\/blog\/club-padel\/club-de-lhers-toulouse\/\" \/>\n<meta property=\"og:locale\" content=\"fr_FR\" \/>\n<meta property=\"og:type\" content=\"article\" \/>\n<meta property=\"og:title\" content=\"Les Clubs de Padel en France : la liste compl\u00e8te - Padel Reference\" \/>\n<meta property=\"og:description\" content=\"[vc_row][vc_column][vc_column_text]Le Club de l\u2019Hers est \u00e9galement un complexe sportif ouvert \u00e0 plusieurs types d\u2019activit\u00e9s. Se trouvant \u00e0 une dizaine de kilom\u00e8tres \u00e0 l\u2019est de Toulouse, \u00e0 Saint-Orens-de-Gameville, avenue de la Marqueille plus pr\u00e9cis\u00e9ment.[\/vc_column_text][\/vc_column][\/vc_row][vc_row][vc_column width=\u00a0\u00bb1\/2&Prime;][vc_single_image image=\u00a0\u00bb1011&Prime; img_size=\u00a0\u00bbfull\u00a0\u00bb][vc_column_text]Adresse : 23 Avenue de la Marqueille, 31650 Saint-Orens-de-Gameville [\/vc_column_text][\/vc_column][vc_column width=\u00a0\u00bb1\/2&Prime;][vc_column_text]Le club de padel \u00e0 Toulouse vous propose diverses installations [&hellip;]\" \/>\n<meta property=\"og:url\" content=\"https:\/\/www.padelreference.com\/blog\/club-padel\/club-de-lhers-toulouse\/\" \/>\n<meta property=\"og:site_name\" content=\"Padel Reference\" \/>\n<meta property=\"article:modified_time\" content=\"2022-04-07T07:45:00+00:00\" \/>\n<meta name=\"twitter:card\" content=\"summary_large_image\" \/>\n<meta name=\"twitter:label1\" content=\"Dur\u00e9e de lecture estim\u00e9e\" \/>\n\t<meta name=\"twitter:data1\" content=\"1 minute\" \/>\n<script type=\"application\/ld+json\" class=\"yoast-schema-graph\">{\"@context\":\"https:\/\/schema.org\",\"@graph\":[{\"@type\":\"WebPage\",\"@id\":\"https:\/\/www.padelreference.com\/blog\/club-padel\/club-de-lhers-toulouse\/\",\"url\":\"https:\/\/www.padelreference.com\/blog\/club-padel\/club-de-lhers-toulouse\/\",\"name\":\"Les Clubs de Padel en France : la liste compl\u00e8te - Padel Reference\",\"isPartOf\":{\"@id\":\"https:\/\/www.padelreference.com\/blog\/#website\"},\"datePublished\":\"2022-04-06T14:21:50+00:00\",\"dateModified\":\"2022-04-07T07:45:00+00:00\",\"breadcrumb\":{\"@id\":\"https:\/\/www.padelreference.com\/blog\/club-padel\/club-de-lhers-toulouse\/#breadcrumb\"},\"inLanguage\":\"fr-FR\",\"potentialAction\":[{\"@type\":\"ReadAction\",\"target\":[\"https:\/\/www.padelreference.com\/blog\/club-padel\/club-de-lhers-toulouse\/\"]}]},{\"@type\":\"BreadcrumbList\",\"@id\":\"https:\/\/www.padelreference.com\/blog\/club-padel\/club-de-lhers-toulouse\/#breadcrumb\",\"itemListElement\":[{\"@type\":\"ListItem\",\"position\":1,\"name\":\"Accueil\",\"item\":\"https:\/\/www.padelreference.com\/blog\/\"},{\"@type\":\"ListItem\",\"position\":2,\"name\":\"Club de Padel en France\",\"item\":\"https:\/\/www.padelreference.com\/blog\/club-padel\/\"},{\"@type\":\"ListItem\",\"position\":3,\"name\":\"Club de l\u2019Hers &#8211; Toulouse\"}]},{\"@type\":\"WebSite\",\"@id\":\"https:\/\/www.padelreference.com\/blog\/#website\",\"url\":\"https:\/\/www.padelreference.com\/blog\/\",\"name\":\"Padel Reference\",\"description\":\"Le Blog 100%\",\"potentialAction\":[{\"@type\":\"SearchAction\",\"target\":{\"@type\":\"EntryPoint\",\"urlTemplate\":\"https:\/\/www.padelreference.com\/blog\/?s={search_term_string}\"},\"query-input\":\"required name=search_term_string\"}],\"inLanguage\":\"fr-FR\"}]}<\/script>\n<!-- \/ Yoast SEO plugin. -->","yoast_head_json":{"title":"Les Clubs de Padel en France : la liste compl\u00e8te - Padel Reference","robots":{"index":"index","follow":"follow","max-snippet":"max-snippet:-1","max-image-preview":"max-image-preview:large","max-video-preview":"max-video-preview:-1"},"canonical":"https:\/\/www.padelreference.com\/blog\/club-padel\/club-de-lhers-toulouse\/","og_locale":"fr_FR","og_type":"article","og_title":"Les Clubs de Padel en France : la liste compl\u00e8te - Padel Reference","og_description":"[vc_row][vc_column][vc_column_text]Le Club de l\u2019Hers est \u00e9galement un complexe sportif ouvert \u00e0 plusieurs types d\u2019activit\u00e9s. Se trouvant \u00e0 une dizaine de kilom\u00e8tres \u00e0 l\u2019est de Toulouse, \u00e0 Saint-Orens-de-Gameville, avenue de la Marqueille plus pr\u00e9cis\u00e9ment.[\/vc_column_text][\/vc_column][\/vc_row][vc_row][vc_column width=\u00a0\u00bb1\/2&Prime;][vc_single_image image=\u00a0\u00bb1011&Prime; img_size=\u00a0\u00bbfull\u00a0\u00bb][vc_column_text]Adresse : 23 Avenue de la Marqueille, 31650 Saint-Orens-de-Gameville [\/vc_column_text][\/vc_column][vc_column width=\u00a0\u00bb1\/2&Prime;][vc_column_text]Le club de padel \u00e0 Toulouse vous propose diverses installations [&hellip;]","og_url":"https:\/\/www.padelreference.com\/blog\/club-padel\/club-de-lhers-toulouse\/","og_site_name":"Padel Reference","article_modified_time":"2022-04-07T07:45:00+00:00","twitter_card":"summary_large_image","twitter_misc":{"Dur\u00e9e de lecture estim\u00e9e":"1 minute"},"schema":{"@context":"https:\/\/schema.org","@graph":[{"@type":"WebPage","@id":"https:\/\/www.padelreference.com\/blog\/club-padel\/club-de-lhers-toulouse\/","url":"https:\/\/www.padelreference.com\/blog\/club-padel\/club-de-lhers-toulouse\/","name":"Les Clubs de Padel en France : la liste compl\u00e8te - Padel Reference","isPartOf":{"@id":"https:\/\/www.padelreference.com\/blog\/#website"},"datePublished":"2022-04-06T14:21:50+00:00","dateModified":"2022-04-07T07:45:00+00:00","breadcrumb":{"@id":"https:\/\/www.padelreference.com\/blog\/club-padel\/club-de-lhers-toulouse\/#breadcrumb"},"inLanguage":"fr-FR","potentialAction":[{"@type":"ReadAction","target":["https:\/\/www.padelreference.com\/blog\/club-padel\/club-de-lhers-toulouse\/"]}]},{"@type":"BreadcrumbList","@id":"https:\/\/www.padelreference.com\/blog\/club-padel\/club-de-lhers-toulouse\/#breadcrumb","itemListElement":[{"@type":"ListItem","position":1,"name":"Accueil","item":"https:\/\/www.padelreference.com\/blog\/"},{"@type":"ListItem","position":2,"name":"Club de Padel en France","item":"https:\/\/www.padelreference.com\/blog\/club-padel\/"},{"@type":"ListItem","position":3,"name":"Club de l\u2019Hers &#8211; Toulouse"}]},{"@type":"WebSite","@id":"https:\/\/www.padelreference.com\/blog\/#website","url":"https:\/\/www.padelreference.com\/blog\/","name":"Padel Reference","description":"Le Blog 100%","potentialAction":[{"@type":"SearchAction","target":{"@type":"EntryPoint","urlTemplate":"https:\/\/www.padelreference.com\/blog\/?s={search_term_string}"},"query-input":"required name=search_term_string"}],"inLanguage":"fr-FR"}]}},"_links":{"self":[{"href":"https:\/\/www.padelreference.com\/blog\/wp-json\/wp\/v2\/pages\/1008"}],"collection":[{"href":"https:\/\/www.padelreference.com\/blog\/wp-json\/wp\/v2\/pages"}],"about":[{"href":"https:\/\/www.padelreference.com\/blog\/wp-json\/wp\/v2\/types\/page"}],"author":[{"embeddable":true,"href":"https:\/\/www.padelreference.com\/blog\/wp-json\/wp\/v2\/users\/2"}],"replies":[{"embeddable":true,"href":"https:\/\/www.padelreference.com\/blog\/wp-json\/wp\/v2\/comments?post=1008"}],"version-history":[{"count":0,"href":"https:\/\/www.padelreference.com\/blog\/wp-json\/wp\/v2\/pages\/1008\/revisions"}],"up":[{"embeddable":true,"href":"https:\/\/www.padelreference.com\/blog\/wp-json\/wp\/v2\/pages\/722"}],"wp:attachment":[{"href":"https:\/\/www.padelreference.com\/blog\/wp-json\/wp\/v2\/media?parent=1008"}],"curies":[{"name":"wp","href":"https:\/\/api.w.org\/{rel}","templated":true}]}}