{"id":804,"date":"2022-04-04T12:25:01","date_gmt":"2022-04-04T10:25:01","guid":{"rendered":"https:\/\/www.padelreference.com\/blog\/?page_id=804"},"modified":"2022-04-06T11:50:04","modified_gmt":"2022-04-06T09:50:04","slug":"tennis-club-la-pape-lyon","status":"publish","type":"page","link":"https:\/\/www.padelreference.com\/blog\/club-padel\/tennis-club-la-pape-lyon\/","title":{"rendered":"Tennis Club La Pape &#8211; Lyon"},"content":{"rendered":"<p>[vc_row][vc_column][vc_column_text]<span style=\"font-weight: 400;\">Le Tennis Club le Pape se revendique comme le club familial multi-raquette de Lyon. Il se situe \u00e0 10 minutes de Lyon. <\/span>[\/vc_column_text][\/vc_column][\/vc_row][vc_row][vc_column width=\u00a0\u00bb1\/2&Prime;][vc_single_image image=\u00a0\u00bb805&Prime; img_size=\u00a0\u00bbfull\u00a0\u00bb][vc_column_text][\/vc_column_text][\/vc_column][vc_column width=\u00a0\u00bb1\/2&Prime;][vc_column_text]<span style=\"font-weight: 400;\">Le <a href=\"https:\/\/www.padelreference.com\/blog\/club-padel\/\">complexe de padel<\/a> vous propose des cours afin de comprendre les subtilit\u00e9s des techniques de<\/span> <span style=\"font-weight: 400;\">d\u00e9fense et vous en apprendre davantage sur les coups d&rsquo;attaques ! Il y a \u00e9galement des animations, des comp\u00e9titions ainsi qu\u2019un accompagnement dans la recherche de nouveaux partenaires.<\/span><\/p>\n<p>Adresse : <a href=\"https:\/\/www.google.com\/maps\/place\/323+Bd+Marcel+Yves+Andr\u00e9,+69140+Rillieux-la-Pape\/@45.8063077,4.8985224,17z\/data=!3m1!4b1!4m5!3m4!1s0x47f4bff300047c69:0x998cdccc2b0031c7!8m2!3d45.8063077!4d4.8985224\">323 Bd Marcel Yves Andr\u00e9<\/a>, 69140 Rillieux-la-Pape<\/p>\n<div class=\"QsDR1c\">\n<div class=\"wDYxhc\" lang=\"fr-FR\" data-attrid=\"kc:\/location\/location:address\" data-md=\"1002\" data-hveid=\"CGEQAA\" data-ved=\"2ahUKEwj72ZXIlvr2AhUI4YUKHdQdBiYQkCl6BAhhEAA\">\n<div class=\"Z1hOCe\">\n<div data-dtype=\"d3ifr\" data-local-attribute=\"d3adr\" data-ved=\"2ahUKEwj72ZXIlvr2AhUI4YUKHdQdBiYQghwoAHoECGEQAQ\"><\/div>\n<\/div>\n<div data-dtype=\"d3ifr\" data-local-attribute=\"d3adr\" data-ved=\"2ahUKEwj72ZXIlvr2AhUI4YUKHdQdBiYQghwoAHoECGEQAQ\"><a href=\"http:\/\/iframe%20src=https:\/\/www.google.com\/maps\/embed?pb=!1m14!1m8!1m3!1d11124.990885976607!2d4.898543!3d45.806297!3m2!1i1024!2i768!4f13.1!3m3!1m2!1s0x0%3A0xfdab61b4df4951d4!2sTennis%20Club%20La%20Pape!5e0!3m2!1sfr!2sfr!4v1649067788570!5m2!1sfr!2sfr%20width=600%20height=450%20style=border:0;%20allowfullscreen=%20loading=lazy%20referrerpolicy=no-referrer-when-downgrade\/iframe\"><iframe style=\"border: 0;\" src=\"https:\/\/www.google.com\/maps\/embed?pb=!1m14!1m8!1m3!1d11124.990885976607!2d4.898543!3d45.806297!3m2!1i1024!2i768!4f13.1!3m3!1m2!1s0x0%3A0xfdab61b4df4951d4!2sTennis%20Club%20La%20Pape!5e0!3m2!1sfr!2sfr!4v1649067788570!5m2!1sfr!2sfr\" width=\"600\" height=\"450\" allowfullscreen=\"allowfullscreen\"><\/iframe><\/a><\/div>\n<\/div>\n<\/div>\n<div class=\"QsDR1c\">\n<div class=\"wDYxhc\" lang=\"fr-FR\" data-attrid=\"kc:\/location\/location:address\" data-md=\"1002\" data-hveid=\"CGEQAA\" data-ved=\"2ahUKEwj72ZXIlvr2AhUI4YUKHdQdBiYQkCl6BAhhEAA\">\n<div class=\"Z1hOCe\">\n<div data-dtype=\"d3ifr\" data-local-attribute=\"d3adr\" data-ved=\"2ahUKEwj72ZXIlvr2AhUI4YUKHdQdBiYQghwoAHoECGEQAQ\"><\/div>\n<div class=\"GDRHkb\" data-at=\"2\" data-uid=\"1\"><\/div>\n<\/div>\n<\/div>\n<\/div>\n<p>[\/vc_column_text][\/vc_column][\/vc_row][vc_row][vc_column][vc_column_text]<\/p>\n<h2>Les autres Club de Padel en France :<\/h2>\n<ul>\n<li><a href=\"https:\/\/www.padelreference.com\/blog\/club-padel\/tennis-padel-club-dardilly-champagne-lyon\/\">Tennis Club Dardilly Champagne<\/a><\/li>\n<li><a href=\"https:\/\/www.padelreference.com\/blog\/club-padel\/tennis-club-lyon\/\">Tennis Club\u00a0<\/a><\/li>\n<li><a href=\"https:\/\/www.padelreference.com\/blog\/club-padel\/lou-tennis-padel-lyon\/\">Lou Tennis Padel<\/a><\/li>\n<li><a href=\"https:\/\/www.padelreference.com\/blog\/club-padel\/esprit-padel-lyon\/\">Esprit Padel<\/a><\/li>\n<li>etc&#8230;.<\/li>\n<\/ul>\n<p>[\/vc_column_text][\/vc_column][\/vc_row]<\/p>\n","protected":false},"excerpt":{"rendered":"<p>[vc_row][vc_column][vc_column_text]Le Tennis Club le Pape se revendique comme le club familial multi-raquette de Lyon. Il se situe \u00e0 10 minutes de Lyon. [\/vc_column_text][\/vc_column][\/vc_row][vc_row][vc_column width=\u00a0\u00bb1\/2&Prime;][vc_single_image image=\u00a0\u00bb805&Prime; img_size=\u00a0\u00bbfull\u00a0\u00bb][vc_column_text][\/vc_column_text][\/vc_column][vc_column width=\u00a0\u00bb1\/2&Prime;][vc_column_text]Le complexe de padel vous propose des cours afin de comprendre les subtilit\u00e9s des techniques de d\u00e9fense et vous en apprendre davantage sur les coups d&rsquo;attaques ! Il y [&hellip;]<\/p>\n","protected":false},"author":2,"featured_media":0,"parent":722,"menu_order":0,"comment_status":"closed","ping_status":"closed","template":"","meta":{"footnotes":""},"class_list":["post-804","page","type-page","status-publish","hentry"],"yoast_head":"<!-- This site is optimized with the Yoast SEO plugin v23.1 - https:\/\/yoast.com\/wordpress\/plugins\/seo\/ -->\n<title>Les Clubs de Padel en France : la liste compl\u00e8te - Padel Reference<\/title>\n<meta name=\"robots\" content=\"index, follow, max-snippet:-1, max-image-preview:large, max-video-preview:-1\" \/>\n<link rel=\"canonical\" href=\"https:\/\/www.padelreference.com\/blog\/club-padel\/tennis-club-la-pape-lyon\/\" \/>\n<meta property=\"og:locale\" content=\"fr_FR\" \/>\n<meta property=\"og:type\" content=\"article\" \/>\n<meta property=\"og:title\" content=\"Les Clubs de Padel en France : la liste compl\u00e8te - Padel Reference\" \/>\n<meta property=\"og:description\" content=\"[vc_row][vc_column][vc_column_text]Le Tennis Club le Pape se revendique comme le club familial multi-raquette de Lyon. Il se situe \u00e0 10 minutes de Lyon. [\/vc_column_text][\/vc_column][\/vc_row][vc_row][vc_column width=\u00a0\u00bb1\/2&Prime;][vc_single_image image=\u00a0\u00bb805&Prime; img_size=\u00a0\u00bbfull\u00a0\u00bb][vc_column_text][\/vc_column_text][\/vc_column][vc_column width=\u00a0\u00bb1\/2&Prime;][vc_column_text]Le complexe de padel vous propose des cours afin de comprendre les subtilit\u00e9s des techniques de d\u00e9fense et vous en apprendre davantage sur les coups d&rsquo;attaques ! Il y [&hellip;]\" \/>\n<meta property=\"og:url\" content=\"https:\/\/www.padelreference.com\/blog\/club-padel\/tennis-club-la-pape-lyon\/\" \/>\n<meta property=\"og:site_name\" content=\"Padel Reference\" \/>\n<meta property=\"article:modified_time\" content=\"2022-04-06T09:50:04+00:00\" \/>\n<meta name=\"twitter:card\" content=\"summary_large_image\" \/>\n<meta name=\"twitter:label1\" content=\"Dur\u00e9e de lecture estim\u00e9e\" \/>\n\t<meta name=\"twitter:data1\" content=\"1 minute\" \/>\n<script type=\"application\/ld+json\" class=\"yoast-schema-graph\">{\"@context\":\"https:\/\/schema.org\",\"@graph\":[{\"@type\":\"WebPage\",\"@id\":\"https:\/\/www.padelreference.com\/blog\/club-padel\/tennis-club-la-pape-lyon\/\",\"url\":\"https:\/\/www.padelreference.com\/blog\/club-padel\/tennis-club-la-pape-lyon\/\",\"name\":\"Les Clubs de Padel en France : la liste compl\u00e8te - Padel Reference\",\"isPartOf\":{\"@id\":\"https:\/\/www.padelreference.com\/blog\/#website\"},\"datePublished\":\"2022-04-04T10:25:01+00:00\",\"dateModified\":\"2022-04-06T09:50:04+00:00\",\"breadcrumb\":{\"@id\":\"https:\/\/www.padelreference.com\/blog\/club-padel\/tennis-club-la-pape-lyon\/#breadcrumb\"},\"inLanguage\":\"fr-FR\",\"potentialAction\":[{\"@type\":\"ReadAction\",\"target\":[\"https:\/\/www.padelreference.com\/blog\/club-padel\/tennis-club-la-pape-lyon\/\"]}]},{\"@type\":\"BreadcrumbList\",\"@id\":\"https:\/\/www.padelreference.com\/blog\/club-padel\/tennis-club-la-pape-lyon\/#breadcrumb\",\"itemListElement\":[{\"@type\":\"ListItem\",\"position\":1,\"name\":\"Accueil\",\"item\":\"https:\/\/www.padelreference.com\/blog\/\"},{\"@type\":\"ListItem\",\"position\":2,\"name\":\"Club de Padel en France\",\"item\":\"https:\/\/www.padelreference.com\/blog\/club-padel\/\"},{\"@type\":\"ListItem\",\"position\":3,\"name\":\"Tennis Club La Pape &#8211; Lyon\"}]},{\"@type\":\"WebSite\",\"@id\":\"https:\/\/www.padelreference.com\/blog\/#website\",\"url\":\"https:\/\/www.padelreference.com\/blog\/\",\"name\":\"Padel Reference\",\"description\":\"Le Blog 100%\",\"potentialAction\":[{\"@type\":\"SearchAction\",\"target\":{\"@type\":\"EntryPoint\",\"urlTemplate\":\"https:\/\/www.padelreference.com\/blog\/?s={search_term_string}\"},\"query-input\":\"required name=search_term_string\"}],\"inLanguage\":\"fr-FR\"}]}<\/script>\n<!-- \/ Yoast SEO plugin. -->","yoast_head_json":{"title":"Les Clubs de Padel en France : la liste compl\u00e8te - Padel Reference","robots":{"index":"index","follow":"follow","max-snippet":"max-snippet:-1","max-image-preview":"max-image-preview:large","max-video-preview":"max-video-preview:-1"},"canonical":"https:\/\/www.padelreference.com\/blog\/club-padel\/tennis-club-la-pape-lyon\/","og_locale":"fr_FR","og_type":"article","og_title":"Les Clubs de Padel en France : la liste compl\u00e8te - Padel Reference","og_description":"[vc_row][vc_column][vc_column_text]Le Tennis Club le Pape se revendique comme le club familial multi-raquette de Lyon. Il se situe \u00e0 10 minutes de Lyon. [\/vc_column_text][\/vc_column][\/vc_row][vc_row][vc_column width=\u00a0\u00bb1\/2&Prime;][vc_single_image image=\u00a0\u00bb805&Prime; img_size=\u00a0\u00bbfull\u00a0\u00bb][vc_column_text][\/vc_column_text][\/vc_column][vc_column width=\u00a0\u00bb1\/2&Prime;][vc_column_text]Le complexe de padel vous propose des cours afin de comprendre les subtilit\u00e9s des techniques de d\u00e9fense et vous en apprendre davantage sur les coups d&rsquo;attaques ! Il y [&hellip;]","og_url":"https:\/\/www.padelreference.com\/blog\/club-padel\/tennis-club-la-pape-lyon\/","og_site_name":"Padel Reference","article_modified_time":"2022-04-06T09:50:04+00:00","twitter_card":"summary_large_image","twitter_misc":{"Dur\u00e9e de lecture estim\u00e9e":"1 minute"},"schema":{"@context":"https:\/\/schema.org","@graph":[{"@type":"WebPage","@id":"https:\/\/www.padelreference.com\/blog\/club-padel\/tennis-club-la-pape-lyon\/","url":"https:\/\/www.padelreference.com\/blog\/club-padel\/tennis-club-la-pape-lyon\/","name":"Les Clubs de Padel en France : la liste compl\u00e8te - Padel Reference","isPartOf":{"@id":"https:\/\/www.padelreference.com\/blog\/#website"},"datePublished":"2022-04-04T10:25:01+00:00","dateModified":"2022-04-06T09:50:04+00:00","breadcrumb":{"@id":"https:\/\/www.padelreference.com\/blog\/club-padel\/tennis-club-la-pape-lyon\/#breadcrumb"},"inLanguage":"fr-FR","potentialAction":[{"@type":"ReadAction","target":["https:\/\/www.padelreference.com\/blog\/club-padel\/tennis-club-la-pape-lyon\/"]}]},{"@type":"BreadcrumbList","@id":"https:\/\/www.padelreference.com\/blog\/club-padel\/tennis-club-la-pape-lyon\/#breadcrumb","itemListElement":[{"@type":"ListItem","position":1,"name":"Accueil","item":"https:\/\/www.padelreference.com\/blog\/"},{"@type":"ListItem","position":2,"name":"Club de Padel en France","item":"https:\/\/www.padelreference.com\/blog\/club-padel\/"},{"@type":"ListItem","position":3,"name":"Tennis Club La Pape &#8211; Lyon"}]},{"@type":"WebSite","@id":"https:\/\/www.padelreference.com\/blog\/#website","url":"https:\/\/www.padelreference.com\/blog\/","name":"Padel Reference","description":"Le Blog 100%","potentialAction":[{"@type":"SearchAction","target":{"@type":"EntryPoint","urlTemplate":"https:\/\/www.padelreference.com\/blog\/?s={search_term_string}"},"query-input":"required name=search_term_string"}],"inLanguage":"fr-FR"}]}},"_links":{"self":[{"href":"https:\/\/www.padelreference.com\/blog\/wp-json\/wp\/v2\/pages\/804"}],"collection":[{"href":"https:\/\/www.padelreference.com\/blog\/wp-json\/wp\/v2\/pages"}],"about":[{"href":"https:\/\/www.padelreference.com\/blog\/wp-json\/wp\/v2\/types\/page"}],"author":[{"embeddable":true,"href":"https:\/\/www.padelreference.com\/blog\/wp-json\/wp\/v2\/users\/2"}],"replies":[{"embeddable":true,"href":"https:\/\/www.padelreference.com\/blog\/wp-json\/wp\/v2\/comments?post=804"}],"version-history":[{"count":0,"href":"https:\/\/www.padelreference.com\/blog\/wp-json\/wp\/v2\/pages\/804\/revisions"}],"up":[{"embeddable":true,"href":"https:\/\/www.padelreference.com\/blog\/wp-json\/wp\/v2\/pages\/722"}],"wp:attachment":[{"href":"https:\/\/www.padelreference.com\/blog\/wp-json\/wp\/v2\/media?parent=804"}],"curies":[{"name":"wp","href":"https:\/\/api.w.org\/{rel}","templated":true}]}}