{"id":929,"date":"2022-04-06T12:20:48","date_gmt":"2022-04-06T10:20:48","guid":{"rendered":"https:\/\/www.padelreference.com\/blog\/?page_id=929"},"modified":"2022-04-06T15:34:42","modified_gmt":"2022-04-06T13:34:42","slug":"padel-horizon-paris","status":"publish","type":"page","link":"https:\/\/www.padelreference.com\/blog\/club-padel\/padel-horizon-paris\/","title":{"rendered":"Padel Horizon &#8211; Paris"},"content":{"rendered":"<p>[vc_row][vc_column][vc_column_text]<span style=\"font-weight: 400;\">Padel Horizon propose des conditions de jeu optimales\u00a0! <a href=\"https:\/\/www.padelreference.com\/blog\/club-padel\/\">Ce club de padel<\/a> cr\u00e9\u00e9 en 2015 est situ\u00e9 \u00e0 Sucy-en-Brie (Val-de-Marne) dans un complexe flambant neuf de pr\u00e8s de 3000m2. Le centre se compose de : 6 terrains de padel, 4 terrains de squash, 4 terrains de badminton, un club house avec espace bar\/restauration, un proshop, des vestiaires et d\u2019une salle de s\u00e9minaire.<\/span>[\/vc_column_text][\/vc_column][\/vc_row][vc_row][vc_column width=\u00a0\u00bb1\/2&Prime;][vc_single_image image=\u00a0\u00bb935&Prime; img_size=\u00a0\u00bbfull\u00a0\u00bb][vc_column_text]Adresse : <a href=\"https:\/\/www.google.com\/maps\/place\/Padel-Horizon\/@48.7741462,2.5036557,15z\/data=!4m2!3m1!1s0x0:0x20594726f144f0e4?sa=X&amp;hl=fr&amp;ved=2ahUKEwibk_qYm__2AhWUhv0HHWlCA-gQ_BJ6BAhnEAU\">3 Bis Rue de Paris<\/a>, 94370 Sucy-en-Brie<\/p>\n<p><a href=\"http:\/\/iframe%20src=https:\/\/www.google.com\/maps\/embed?pb=!1m14!1m8!1m3!1d10517.622446097794!2d2.5036557!3d48.7741462!3m2!1i1024!2i768!4f13.1!3m3!1m2!1s0x0%3A0x20594726f144f0e4!2sPadel-Horizon!5e0!3m2!1sfr!2sfr!4v1649240423200!5m2!1sfr!2sfr%20width=600%20height=450%20style=border:0;%20allowfullscreen=%20loading=lazy%20referrerpolicy=no-referrer-when-downgrade\/iframe\"><iframe style=\"border: 0;\" src=\"https:\/\/www.google.com\/maps\/embed?pb=!1m14!1m8!1m3!1d10517.622446097794!2d2.5036557!3d48.7741462!3m2!1i1024!2i768!4f13.1!3m3!1m2!1s0x0%3A0x20594726f144f0e4!2sPadel-Horizon!5e0!3m2!1sfr!2sfr!4v1649240423200!5m2!1sfr!2sfr\" width=\"600\" height=\"450\" allowfullscreen=\"allowfullscreen\"><\/iframe><\/a>[\/vc_column_text][\/vc_column][vc_column width=\u00a0\u00bb1\/2&Prime;][vc_column_text]<span style=\"font-weight: 400;\">Le club met \u00e0 votre disposition 6 terrains de padel avec vue panoramiques et b\u00e9n\u00e9ficient de la moquette World Padel Tour ainsi que des doubles vitres lat\u00e9rales de 3m. Avec les 2 terrains centraux permettant les sorties, nous pouvons sans aucun doute vous assurer que vous jouerez des parties de Folie\u00a0!<\/span><\/p>\n<p><span style=\"font-weight: 400;\">Vous pourrez \u00e9galement profiter des terrains de squash et de badminton. Un proshop, des vestiaires ainsi qu\u2019un espace bar\/restaurant sont \u00e9galement \u00e0 votre disposition<\/span><\/p>\n<p>[\/vc_column_text][\/vc_column][\/vc_row][vc_row][vc_column][vc_column_text]<\/p>\n<h2>Les autres Club de Padel en France :<\/h2>\n<ul>\n<li><a href=\"https:\/\/www.padelreference.com\/blog\/club-padel\/planete-raquette-paris\/\">Plan\u00e8te Raquettes <\/a><\/li>\n<li><a href=\"https:\/\/www.padelreference.com\/blog\/club-padel\/casa-padel-paris\/\">Casa Padel<\/a><\/li>\n<li><a href=\"https:\/\/www.padelreference.com\/blog\/club-padel\/b-14-paris\/\">B14<\/a><\/li>\n<li><a href=\"https:\/\/www.padelreference.com\/blog\/club-padel\/4padel-paris\/\">4Padel<\/a><\/li>\n<li>etc&#8230;.<\/li>\n<\/ul>\n<p>[\/vc_column_text][\/vc_column][\/vc_row]<\/p>\n","protected":false},"excerpt":{"rendered":"<p>[vc_row][vc_column][vc_column_text]Padel Horizon propose des conditions de jeu optimales\u00a0! Ce club de padel cr\u00e9\u00e9 en 2015 est situ\u00e9 \u00e0 Sucy-en-Brie (Val-de-Marne) dans un complexe flambant neuf de pr\u00e8s de 3000m2. Le centre se compose de : 6 terrains de padel, 4 terrains de squash, 4 terrains de badminton, un club house avec espace bar\/restauration, un proshop, [&hellip;]<\/p>\n","protected":false},"author":2,"featured_media":0,"parent":722,"menu_order":0,"comment_status":"closed","ping_status":"closed","template":"","meta":{"footnotes":""},"class_list":["post-929","page","type-page","status-publish","hentry"],"yoast_head":"<!-- This site is optimized with the Yoast SEO plugin v23.1 - https:\/\/yoast.com\/wordpress\/plugins\/seo\/ -->\n<title>Les Clubs de Padel en France : la liste compl\u00e8te - Padel Reference<\/title>\n<meta name=\"robots\" content=\"index, follow, max-snippet:-1, max-image-preview:large, max-video-preview:-1\" \/>\n<link rel=\"canonical\" href=\"https:\/\/www.padelreference.com\/blog\/club-padel\/padel-horizon-paris\/\" \/>\n<meta property=\"og:locale\" content=\"fr_FR\" \/>\n<meta property=\"og:type\" content=\"article\" \/>\n<meta property=\"og:title\" content=\"Les Clubs de Padel en France : la liste compl\u00e8te - Padel Reference\" \/>\n<meta property=\"og:description\" content=\"[vc_row][vc_column][vc_column_text]Padel Horizon propose des conditions de jeu optimales\u00a0! Ce club de padel cr\u00e9\u00e9 en 2015 est situ\u00e9 \u00e0 Sucy-en-Brie (Val-de-Marne) dans un complexe flambant neuf de pr\u00e8s de 3000m2. Le centre se compose de : 6 terrains de padel, 4 terrains de squash, 4 terrains de badminton, un club house avec espace bar\/restauration, un proshop, [&hellip;]\" \/>\n<meta property=\"og:url\" content=\"https:\/\/www.padelreference.com\/blog\/club-padel\/padel-horizon-paris\/\" \/>\n<meta property=\"og:site_name\" content=\"Padel Reference\" \/>\n<meta property=\"article:modified_time\" content=\"2022-04-06T13:34:42+00:00\" \/>\n<meta name=\"twitter:card\" content=\"summary_large_image\" \/>\n<meta name=\"twitter:label1\" content=\"Dur\u00e9e de lecture estim\u00e9e\" \/>\n\t<meta name=\"twitter:data1\" content=\"1 minute\" \/>\n<script type=\"application\/ld+json\" class=\"yoast-schema-graph\">{\"@context\":\"https:\/\/schema.org\",\"@graph\":[{\"@type\":\"WebPage\",\"@id\":\"https:\/\/www.padelreference.com\/blog\/club-padel\/padel-horizon-paris\/\",\"url\":\"https:\/\/www.padelreference.com\/blog\/club-padel\/padel-horizon-paris\/\",\"name\":\"Les Clubs de Padel en France : la liste compl\u00e8te - Padel Reference\",\"isPartOf\":{\"@id\":\"https:\/\/www.padelreference.com\/blog\/#website\"},\"datePublished\":\"2022-04-06T10:20:48+00:00\",\"dateModified\":\"2022-04-06T13:34:42+00:00\",\"breadcrumb\":{\"@id\":\"https:\/\/www.padelreference.com\/blog\/club-padel\/padel-horizon-paris\/#breadcrumb\"},\"inLanguage\":\"fr-FR\",\"potentialAction\":[{\"@type\":\"ReadAction\",\"target\":[\"https:\/\/www.padelreference.com\/blog\/club-padel\/padel-horizon-paris\/\"]}]},{\"@type\":\"BreadcrumbList\",\"@id\":\"https:\/\/www.padelreference.com\/blog\/club-padel\/padel-horizon-paris\/#breadcrumb\",\"itemListElement\":[{\"@type\":\"ListItem\",\"position\":1,\"name\":\"Accueil\",\"item\":\"https:\/\/www.padelreference.com\/blog\/\"},{\"@type\":\"ListItem\",\"position\":2,\"name\":\"Club de Padel en France\",\"item\":\"https:\/\/www.padelreference.com\/blog\/club-padel\/\"},{\"@type\":\"ListItem\",\"position\":3,\"name\":\"Padel Horizon &#8211; Paris\"}]},{\"@type\":\"WebSite\",\"@id\":\"https:\/\/www.padelreference.com\/blog\/#website\",\"url\":\"https:\/\/www.padelreference.com\/blog\/\",\"name\":\"Padel Reference\",\"description\":\"Le Blog 100%\",\"potentialAction\":[{\"@type\":\"SearchAction\",\"target\":{\"@type\":\"EntryPoint\",\"urlTemplate\":\"https:\/\/www.padelreference.com\/blog\/?s={search_term_string}\"},\"query-input\":\"required name=search_term_string\"}],\"inLanguage\":\"fr-FR\"}]}<\/script>\n<!-- \/ Yoast SEO plugin. -->","yoast_head_json":{"title":"Les Clubs de Padel en France : la liste compl\u00e8te - Padel Reference","robots":{"index":"index","follow":"follow","max-snippet":"max-snippet:-1","max-image-preview":"max-image-preview:large","max-video-preview":"max-video-preview:-1"},"canonical":"https:\/\/www.padelreference.com\/blog\/club-padel\/padel-horizon-paris\/","og_locale":"fr_FR","og_type":"article","og_title":"Les Clubs de Padel en France : la liste compl\u00e8te - Padel Reference","og_description":"[vc_row][vc_column][vc_column_text]Padel Horizon propose des conditions de jeu optimales\u00a0! Ce club de padel cr\u00e9\u00e9 en 2015 est situ\u00e9 \u00e0 Sucy-en-Brie (Val-de-Marne) dans un complexe flambant neuf de pr\u00e8s de 3000m2. Le centre se compose de : 6 terrains de padel, 4 terrains de squash, 4 terrains de badminton, un club house avec espace bar\/restauration, un proshop, [&hellip;]","og_url":"https:\/\/www.padelreference.com\/blog\/club-padel\/padel-horizon-paris\/","og_site_name":"Padel Reference","article_modified_time":"2022-04-06T13:34:42+00:00","twitter_card":"summary_large_image","twitter_misc":{"Dur\u00e9e de lecture estim\u00e9e":"1 minute"},"schema":{"@context":"https:\/\/schema.org","@graph":[{"@type":"WebPage","@id":"https:\/\/www.padelreference.com\/blog\/club-padel\/padel-horizon-paris\/","url":"https:\/\/www.padelreference.com\/blog\/club-padel\/padel-horizon-paris\/","name":"Les Clubs de Padel en France : la liste compl\u00e8te - Padel Reference","isPartOf":{"@id":"https:\/\/www.padelreference.com\/blog\/#website"},"datePublished":"2022-04-06T10:20:48+00:00","dateModified":"2022-04-06T13:34:42+00:00","breadcrumb":{"@id":"https:\/\/www.padelreference.com\/blog\/club-padel\/padel-horizon-paris\/#breadcrumb"},"inLanguage":"fr-FR","potentialAction":[{"@type":"ReadAction","target":["https:\/\/www.padelreference.com\/blog\/club-padel\/padel-horizon-paris\/"]}]},{"@type":"BreadcrumbList","@id":"https:\/\/www.padelreference.com\/blog\/club-padel\/padel-horizon-paris\/#breadcrumb","itemListElement":[{"@type":"ListItem","position":1,"name":"Accueil","item":"https:\/\/www.padelreference.com\/blog\/"},{"@type":"ListItem","position":2,"name":"Club de Padel en France","item":"https:\/\/www.padelreference.com\/blog\/club-padel\/"},{"@type":"ListItem","position":3,"name":"Padel Horizon &#8211; Paris"}]},{"@type":"WebSite","@id":"https:\/\/www.padelreference.com\/blog\/#website","url":"https:\/\/www.padelreference.com\/blog\/","name":"Padel Reference","description":"Le Blog 100%","potentialAction":[{"@type":"SearchAction","target":{"@type":"EntryPoint","urlTemplate":"https:\/\/www.padelreference.com\/blog\/?s={search_term_string}"},"query-input":"required name=search_term_string"}],"inLanguage":"fr-FR"}]}},"_links":{"self":[{"href":"https:\/\/www.padelreference.com\/blog\/wp-json\/wp\/v2\/pages\/929"}],"collection":[{"href":"https:\/\/www.padelreference.com\/blog\/wp-json\/wp\/v2\/pages"}],"about":[{"href":"https:\/\/www.padelreference.com\/blog\/wp-json\/wp\/v2\/types\/page"}],"author":[{"embeddable":true,"href":"https:\/\/www.padelreference.com\/blog\/wp-json\/wp\/v2\/users\/2"}],"replies":[{"embeddable":true,"href":"https:\/\/www.padelreference.com\/blog\/wp-json\/wp\/v2\/comments?post=929"}],"version-history":[{"count":0,"href":"https:\/\/www.padelreference.com\/blog\/wp-json\/wp\/v2\/pages\/929\/revisions"}],"up":[{"embeddable":true,"href":"https:\/\/www.padelreference.com\/blog\/wp-json\/wp\/v2\/pages\/722"}],"wp:attachment":[{"href":"https:\/\/www.padelreference.com\/blog\/wp-json\/wp\/v2\/media?parent=929"}],"curies":[{"name":"wp","href":"https:\/\/api.w.org\/{rel}","templated":true}]}}